mmon divisor of 1925192 and 116.
4
What is the highest common factor of 123842365 and 2?
1
Calculate the highest common divisor of 272 and 1853629.
17
Calculate the greatest common divisor of 59 and 9110131.
59
Calculate the highest common divisor of 13599 and 5877.
9
What is the greatest common factor of 94668 and 149868?
276
Calculate the highest common divisor of 672140 and 14980.
140
Calculate the greatest common factor of 13496006 and 427.
61
What is the greatest common factor of 3002 and 93636883?
1501
Calculate the greatest common divisor of 237 and 134868484.
79
What is the highest common divisor of 1288 and 4648392?
1288
Calculate the greatest common factor of 4182 and 119486013.
2091
What is the highest common divisor of 3072 and 974664?
24
Calculate the greatest common divisor of 7794 and 98927077.
433
What is the greatest common divisor of 28739700 and 1188?
396
Calculate the highest common factor of 10210112 and 132.
44
Calculate the highest common divisor of 222 and 538854.
6
Calculate the highest common factor of 244 and 10047005.
61
Calculate the greatest common divisor of 768482 and 156299.
143
What is the greatest common factor of 206443631 and 17?
17
Calculate the greatest common divisor of 203511507 and 148.
37
What is the greatest common factor of 32000 and 3097250?
250
Calculate the greatest common divisor of 3105 and 1184220.
135
What is the highest common factor of 8600072 and 527963?
6361
Calculate the highest common divisor of 4808474 and 60071.
1397
What is the greatest common divisor of 866333224 and 488?
488
What is the greatest common factor of 130543990 and 70?
10
What is the highest common divisor of 3661 and 90354526?
523
What is the greatest common divisor of 17939471 and 56760?
473
What is the greatest common divisor of 4919662 and 44?
22
What is the highest common divisor of 17332730 and 20?
10
Calculate the highest common divisor of 5905620 and 688.
172
Calculate the greatest common factor of 143440 and 184492.
44
Calculate the highest common factor of 108 and 16655904.
36
Calculate the highest common factor of 143500 and 421036.
28
Calculate the highest common divisor of 710 and 1007730.
10
What is the greatest common factor of 351 and 5669784?
27
What is the greatest common factor of 22695 and 760?
5
What is the greatest common divisor of 253101 and 75189?
1059
What is the greatest common factor of 22197 and 1847334?
453
What is the highest common factor of 167440600 and 1000?
200
Calculate the highest common divisor of 319 and 892205677.
319
What is the greatest common divisor of 6304017 and 8853?
681
What is the greatest common factor of 75508004 and 572?
572
What is the greatest common divisor of 953174184 and 948?
948
Calculate the greatest common factor of 30766032 and 1584.
1584
Calculate the greatest common divisor of 29558968 and 16.
8
What is the highest common divisor of 277927715 and 195?
65
What is the highest common divisor of 1688075 and 590?
5
What is the greatest common factor of 94350 and 3035350?
850
What is the highest common divisor of 43591888 and 96?
16
What is the greatest common divisor of 2527923669 and 53?
53
What is the greatest common divisor of 2464284 and 708?
12
What is the greatest common factor of 4965 and 112703514?
993
Calculate the greatest common divisor of 188155 and 20.
5
What is the greatest common divisor of 6631418 and 79?
79
Calculate the greatest common factor of 38425 and 56759873.
1537
What is the greatest common factor of 1231 and 91454683?
1231
Calculate the highest common factor of 7905 and 3443435.
85
Calculate the highest common divisor of 3672871 and 53873.
3169
Calculate the greatest common divisor of 519389 and 221.
13
What is the greatest common divisor of 5304 and 594984?
312
Calculate the greatest common factor of 1420 and 7779044.
284
Calculate the highest common divisor of 68 and 16817369.
17
Calculate the greatest common divisor of 3159 and 7248735.
117
What is the greatest common divisor of 10 and 148612970?
10
Calculate the greatest common factor of 3830464 and 56064.
64
Calculate the highest common divisor of 8950 and 9666.
358
What is the greatest common divisor of 1870 and 7618490?
110
What is the greatest common factor of 3340 and 2824660?
20
Calculate the highest common divisor of 30431360 and 10.
10
What is the greatest common factor of 25979 and 852925?
313
What is the greatest common factor of 371635 and 129580?
55
Calculate the highest common factor of 95568 and 22699391.
1991
Calculate the greatest common divisor of 5148 and 3696099.
33
Calculate the highest common divisor of 11089 and 9763.
13
Calculate the highest common divisor of 4346 and 1211962501.
2173
What is the highest common factor of 14950 and 67758?
46
Calculate the highest common divisor of 268353 and 8815893.
9939
Calculate the greatest common divisor of 2001 and 6546489.
87
Calculate the greatest common factor of 1952 and 3220312.
488
What is the greatest common factor of 38946 and 296794484?
12982
Calculate the greatest common factor of 22984321 and 2259.
251
Calculate the highest common factor of 365 and 481528513.
73
Calculate the greatest common divisor of 93 and 17546713.
31
Calculate the highest common divisor of 63832 and 21534816.
808
What is the highest common factor of 5120185 and 560?
35
What is the greatest common factor of 6967593 and 5436?
1359
What is the greatest common divisor of 57645342 and 18?
18
Calculate the highest common factor of 3249 and 128074497.
1083
Calculate the greatest common factor of 15589 and 66759.
119
What is the highest common divisor of 55 and 5258957?
11
Calculate the highest common factor of 12786828 and 48.
12
Calculate the highest common divisor of 1833 and 24313809.
39
Calculate the highest common divisor of 1348256 and 30212.
364
Calculate the highest common factor of 42687 and 12795033.
1581
Calculate the highest common divisor of 17 and 1867926.
17
Calculate the highest common factor of 22212425 and 36461.
1919
What is the greatest common factor of 96028985 and 3250?
65
What is the greatest common divisor of 84484737 and 9?
9
What is the highest common factor of 24203955 and 15?
15
What is the highest common divisor of 956157 and 211083?
213
What is the greatest common divisor of 901552198 and 82?
82
What is the greatest common divisor of 42583714 and 3086?
3086
What is the highest common factor of 97026 and 682008?
942
What is the greatest common factor of 168778815 and 12?
3
Calculate the highest common factor of 5689261 and 364017.
1709
Calculate the highest common factor of 545848 and 9088.
568
Calculate the greatest common divisor of 32266215 and 297360.
2655
Calculate the highest common factor of 153040 and 1500.
20
Calculate the greatest common divisor of 33 and 33311235.
3
What is the greatest common divisor of 409332 and 28413?
231
What is the greatest common divisor of 28 and 18324754?
14
What is the greatest common factor of 243 and 486918?
27
Calculate the greatest common divisor of 2849 and 105440713.
259
Calculate the greatest common factor of 791902200 and 75.
75
What is the highest common factor of 2328 and 983968?
776
What is the highest common factor of 267 and 20258091?
267
Calculate the highest common divisor of 96256237 and 4708.
1177
What is the highest common factor of 430 and 951328130?
430
Calculate the highest common divisor of 1408 and 459701.
11
Calculate the highest common divisor of 2075 and 7866325.
2075
What is the highest common factor of 800 and 2588200?
200
What is the highest common factor of 109003 and 2983?
19
What is the highest common divisor of 540607 and 55537?
703
Calculate the greatest common factor of 2180 and 120399220.
2180
What is the highest common divisor of 22444690 and 790?
790
Calculate the greatest common factor of 1060407 and 59.
59
Calculate the greatest common divisor of 7455 and 20166790.
35
What is the highest common factor of 928 and 577437560?
232
Calculate the highest common factor of 49913524 and 1392.
116
Calculate the greatest common factor of 182338 and 122.
2
Calculate the highest common factor of 96783093 and 3135.
627
Calculate the highest common divisor of 7042 and 1522924046.
7042
What is the greatest common divisor of 223491 and 7516929?
5451
Cal